factors of 8597?
8597
List the prime factors of 17317.
17317
What are the prime factors of 6?
2, 3
What are the prime factors of 72763?
72763
What are the prime factors of 3121?
3121
What are the prime factors of 2249?
13, 173
List the prime factors of 3325.
5, 7, 19
List the prime factors of 265.
5, 53
What are the prime factors of 6683?
41, 163
List the prime factors of 70853.
70853
What are the prime factors of 4848?
2, 3, 101
What are the prime factors of 1601?
1601
What are the prime factors of 3936?
2, 3, 41
List the prime factors of 52988.
2, 13, 1019
What are the prime factors of 24077?
24077
What are the prime factors of 1085?
5, 7, 31
List the prime factors of 12582.
2, 3, 233
What are the prime factors of 2429?
7, 347
What are the prime factors of 2719?
2719
What are the prime factors of 21069?
3, 2341
What are the prime factors of 1919?
19, 101
What are the prime factors of 778?
2, 389
What are the prime factors of 1662?
2, 3, 277
What are the prime factors of 1749?
3, 11, 53
List the prime factors of 2036.
2, 509
List the prime factors of 1479.
3, 17, 29
List the prime factors of 87071.
87071
What are the prime factors of 27822?
2, 3, 4637
List the prime factors of 3043.
17, 179
What are the prime factors of 23427?
3, 19, 137
List the prime factors of 94128.
2, 3, 37, 53
What are the prime factors of 445?
5, 89
List the prime factors of 1499.
1499
List the prime factors of 1711.
29, 59
List the prime factors of 17620.
2, 5, 881
What are the prime factors of 15816?
2, 3, 659
List the prime factors of 64030.
2, 5, 19, 337
What are the prime factors of 36926?
2, 37, 499
List the prime factors of 1610.
2, 5, 7, 23
What are the prime factors of 10509?
3, 31, 113
List the prime factors of 76.
2, 19
What are the prime factors of 6945?
3, 5, 463
List the prime factors of 47127.
3, 23, 683
List the prime factors of 7945.
5, 7, 227
List the prime factors of 12105.
3, 5, 269
What are the prime factors of 1056?
2, 3, 11
List the prime factors of 57837.
3, 13, 1483
List the prime factors of 15391.
15391
What are the prime factors of 128503?
17, 7559
What are the prime factors of 663?
3, 13, 17
List the prime factors of 2983.
19, 157
What are the prime factors of 3637?
3637
What are the prime factors of 52379?
52379
What are the prime factors of 1114?
2, 557
What are the prime factors of 10097?
23, 439
What are the prime factors of 5989?
53, 113
What are the prime factors of 29468?
2, 53, 139
What are the prime factors of 330?
2, 3, 5, 11
What are the prime factors of 385?
5, 7, 11
List the prime factors of 19204.
2, 4801
List the prime factors of 26.
2, 13
List the prime factors of 481.
13, 37
List the prime factors of 93422.
2, 7, 6673
What are the prime factors of 2288?
2, 11, 13
What are the prime factors of 92228?
2, 23057
What are the prime factors of 10075?
5, 13, 31
List the prime factors of 48440.
2, 5, 7, 173
List the prime factors of 2167.
11, 197
What are the prime factors of 2827?
11, 257
What are the prime factors of 6266?
2, 13, 241
List the prime factors of 13857.
3, 31, 149
List the prime factors of 625.
5
What are the prime factors of 95?
5, 19
List the prime factors of 2253.
3, 751
List the prime factors of 1483.
1483
List the prime factors of 480.
2, 3, 5
What are the prime factors of 29540?
2, 5, 7, 211
What are the prime factors of 6604?
2, 13, 127
What are the prime factors of 2036?
2, 509
List the prime factors of 307.
307
What are the prime factors of 651?
3, 7, 31
List the prime factors of 28846.
2, 14423
List the prime factors of 18240.
2, 3, 5, 19
List the prime factors of 24292.
2, 6073
List the prime factors of 881.
881
List the prime factors of 68643.
3, 29, 263
List the prime factors of 1556.
2, 389
List the prime factors of 26479.
26479
List the prime factors of 13095.
3, 5, 97
List the prime factors of 768.
2, 3
List the prime factors of 116287.
103, 1129
What are the prime factors of 1632?
2, 3, 17
What are the prime factors of 1767?
3, 19, 31
What are the prime factors of 5412?
2, 3, 11, 41
What are the prime factors of 87233?
83, 1051
List the prime factors of 23315.
5, 4663
What are the prime factors of 4261?
4261
What are the prime factors of 16336?
2, 1021
List the prime factors of 290.
2, 5, 29
What are the prime factors of 149925?
3, 5, 1999
List the prime factors of 108565.
5, 21713
What are the prime factors of 17522?
2, 8761
List the prime factors of 26624.
2, 13
List the prime factors of 9533.
9533
List the prime factors of 39827.
39827
List the prime factors of 89.
89
What are the prime factors of 54811?
59, 929
What are the prime factors of 2241?
3, 83
List the prime factors of 1019.
1019
What are the prime factors of 467?
467
What are the prime factors of 10803?
3, 13, 277
List the prime factors of 19506.
2, 3, 3251
What are the prime factors of 230?
2, 5, 23
List the prime factors of 2276.
2, 569
List the prime factors of 1066.
2, 13, 41
List the prime factors of 59225.
5, 23, 103
What are the prime factors of 2410?
2, 5, 241
List the prime factors of 2468.
2, 617
What are the prime factors of 8917?
37, 241
What are the prime factors of 2241?
3, 83
List the prime factors of 1234.
2, 617
List the prime factors of 5575.
5, 223
What are the prime factors of 1853?
17, 109
What are the prime factors of 51541?
7, 37, 199
What are the prime factors of 383?
383
What are the prime factors of 17722?
2, 8861
List the prime factors of 7989.
3, 2663
What are the prime factors of 5391?
3, 599
What are the prime factors of 8015?
5, 7, 229
What are the prime factors of 13770?
2, 3, 5, 17
What are the prime factors of 8459?
11, 769
What are the prime factors of 4198?
2, 2099
List the prime factors of 32485.
5, 73, 89
What are the prime factors of 2177?
7, 311
What are the prime factors of 34088?
2, 4261
List the prime factors of 1531.
1531
What are the prime factors of 2252?
2, 563
What are the prime factors of 90544?
2, 5659
What are the prime factors of 6249?
3, 2083
List the prime factors of 2572.
2, 643
What are the prime factors of 126166?
2, 199, 317
List the prime factors of 12236.
2, 7, 19, 23
List the prime factors of 17340.
2, 3, 5, 17
List the prime factors of 38471.
17, 31, 73
List the prime factors of 18659.
47, 397
List the prime factors of 362.
2, 181
What are the prime factors of 23254?
2, 7, 11, 151
What are the prime factors of 13?
13
List the prime factors of 2246.
2, 1123
What are the prime factors of 782?
2, 17, 23
List the prime factors of 6830.
2, 5, 683
List the prime factors of 40065.
3, 5, 2671
What are the prime factors of 14339?
13, 1103
What are the prime factors of 95758?
2, 13, 29, 127
List the prime factors of 675.
3, 5
What are the prime factors of 44096?
2, 13, 53
What are the prime factors of 74746?
2, 7, 19, 281
What are the prime factors of 1988?
2, 7, 71
What are the prime factors of 5951?
11, 541
List the prime factors of 77004.
2, 3, 23, 31
What are the prime factors of 979?
11, 89
What are the prime factors of 1429?
1429
List the prime factors of 1629.
3, 181
List the prime factors of 94075.
5, 53, 71
What are the prime factors of 6354?
2, 3, 353
List the prime factors of 5447.
13, 419
List the prime factors of 9099.
3, 337
What are the prime factors of 137154?
2, 3, 22859
What are the prime factors of 34354?
2, 89, 193
List the prime factors of 19060.
2, 5, 953
What are the prime factors of 2975?
5, 7, 17
List the prime factors of 1196.
2, 13, 23
List the prime factors of 6969.
3, 23, 101
What are the prime factors of 7093?
41, 173
List the prime factors of 5567.
19, 293
What are the prime factors of 180695?
5, 71, 509
List the prime factors of 9887.
9887
What are the prime factors of 37445?
5, 7489
What are the prime factors of 5504?
2, 43
List the prime factors of 89.
89
List the prime factors of 22444.
2, 31, 181
List the prime factors of 67637.
239, 283
List the prime factors of 640.
2, 5
What are the prime factors of 23516?
2, 5879
List the prime factors of 5727.
3, 23, 83
What are the prime factors of 976?
2, 61
What are the prime factors of 823?
823
What are the prime factors of 1936?
2, 11
What are the prime factors of 2308?
2, 577
List the prime factors of 1188.
2, 3, 11
List the prime factors of 19871.
31, 641
List the prime factors of 12432.
2, 3, 7, 37
W